he highest common divisor of 14839 and 639.
71
What is the highest common factor of 3883 and 187?
11
What is the greatest common divisor of 4774 and 2542?
62
Calculate the highest common divisor of 3220 and 13064.
92
Calculate the highest common factor of 47 and 635393.
47
Calculate the highest common factor of 80450 and 25.
25
What is the highest common divisor of 2422 and 61069?
173
Calculate the greatest common factor of 28 and 13398.
14
Calculate the greatest common divisor of 83421 and 12896.
403
Calculate the greatest common divisor of 530652 and 4.
4
Calculate the highest common divisor of 1656 and 235368.
72
Calculate the highest common factor of 6 and 602058.
6
What is the greatest common factor of 176 and 504823?
11
What is the greatest common factor of 732 and 376492?
244
What is the greatest common factor of 532150 and 1160?
290
What is the highest common divisor of 264 and 6920364?
132
What is the highest common factor of 16 and 1730688?
16
What is the highest common divisor of 225 and 19200?
75
What is the greatest common factor of 655 and 33274?
131
Calculate the highest common factor of 488 and 29951.
61
What is the highest common factor of 3192 and 3876?
228
Calculate the greatest common divisor of 25102 and 815.
163
Calculate the greatest common factor of 11281 and 107753.
389
Calculate the highest common divisor of 549072 and 64.
16
What is the greatest common factor of 1017849 and 7182?
399
What is the highest common factor of 424120 and 690?
230
Calculate the highest common divisor of 96 and 10056.
24
Calculate the greatest common divisor of 31201 and 205.
41
Calculate the greatest common divisor of 2074 and 1708.
122
Calculate the highest common divisor of 1 and 736409.
1
Calculate the greatest common factor of 218316 and 420.
84
What is the highest common factor of 2941 and 5763?
17
Calculate the highest common factor of 240 and 90960.
240
What is the highest common divisor of 236817 and 5549?
179
Calculate the greatest common divisor of 925 and 54205.
185
Calculate the highest common factor of 69 and 314939.
23
Calculate the greatest common divisor of 57 and 819527.
19
What is the greatest common factor of 6 and 4799?
1
What is the greatest common divisor of 653094 and 3744?
234
Calculate the highest common divisor of 328 and 66338.
82
Calculate the greatest common factor of 31936 and 3968.
64
Calculate the greatest common divisor of 3454531 and 69.
23
Calculate the greatest common factor of 652 and 213204.
652
What is the greatest common factor of 527 and 98787?
17
What is the highest common divisor of 27344 and 16?
16
Calculate the greatest common divisor of 2970 and 369.
9
Calculate the greatest common factor of 200 and 384592.
8
Calculate the highest common factor of 841 and 16066.
29
What is the greatest common factor of 195615 and 23?
23
What is the highest common divisor of 80892 and 28?
28
Calculate the highest common factor of 450 and 727800.
150
Calculate the greatest common divisor of 50115 and 30.
15
Calculate the greatest common divisor of 350 and 24430.
70
What is the greatest common divisor of 46 and 412758?
46
What is the highest common divisor of 1802240 and 33?
11
What is the greatest common factor of 34680 and 204?
204
Calculate the highest common divisor of 1467 and 2000499.
489
Calculate the greatest common factor of 1435 and 7462.
287
What is the highest common divisor of 2448 and 3222?
18
Calculate the greatest common factor of 2146320 and 135.
45
Calculate the highest common divisor of 1133889 and 3.
3
Calculate the greatest common factor of 89 and 64881.
89
What is the greatest common divisor of 18345 and 613946?
1223
What is the greatest common factor of 50086 and 7426?
158
Calculate the greatest common divisor of 1330 and 1729.
133
What is the greatest common factor of 96795 and 2?
1
Calculate the highest common factor of 210 and 1352940.
30
What is the highest common factor of 38025 and 295?
5
Calculate the greatest common divisor of 108 and 75708.
108
What is the greatest common divisor of 25 and 522475?
25
Calculate the greatest common divisor of 21624 and 318.
318
Calculate the greatest common factor of 3651972 and 48.
12
Calculate the greatest common divisor of 84743 and 996.
83
Calculate the greatest common divisor of 1170 and 4173.
39
Calculate the highest common factor of 48 and 3856.
16
Calculate the greatest common factor of 6 and 517434.
6
What is the highest common factor of 184248 and 16?
8
What is the greatest common factor of 882589 and 323?
17
What is the highest common divisor of 324 and 187896?
12
What is the greatest common divisor of 52 and 120484?
52
What is the highest common divisor of 484857 and 153?
153
What is the highest common factor of 29731 and 121211?
2287
Calculate the greatest common factor of 187 and 249322.
17
Calculate the highest common factor of 186 and 52173.
93
Calculate the highest common factor of 7 and 149849.
7
What is the greatest common factor of 1161 and 19350?
387
Calculate the highest common factor of 6378 and 318.
6
What is the highest common divisor of 207 and 1458?
9
Calculate the highest common divisor of 184 and 25714.
46
Calculate the highest common factor of 1092 and 218946.
546
Calculate the greatest common factor of 84 and 3018.
6
Calculate the highest common factor of 260139 and 33.
33
Calculate the highest common divisor of 854 and 10920.
14
Calculate the highest common divisor of 238085 and 170.
85
Calculate the highest common divisor of 10525 and 950.
25
Calculate the greatest common factor of 5288 and 72.
8
Calculate the greatest common factor of 155922 and 78.
78
What is the greatest common divisor of 134768 and 152?
8
What is the highest common divisor of 154719 and 63?
9
Calculate the highest common factor of 2136036 and 12.
12
What is the highest common factor of 99 and 36036?
99
Calculate the highest common factor of 54472 and 11176.
88
What is the greatest common factor of 16 and 234032?
16
Calculate the highest common factor of 790 and 2884685.
395
What is the greatest common factor of 2546 and 5852?
38
Calculate the highest common factor of 56 and 10052.
28
Calculate the greatest common divisor of 4529 and 362967.
647
What is the highest common factor of 369272 and 62?
62
Calculate the greatest common divisor of 1300 and 7852.
52
Calculate the highest common factor of 798 and 2175614.
266
Calculate the greatest common factor of 4047 and 1988.
71
What is the greatest common divisor of 1182 and 246644?
394
Calculate the highest common divisor of 15075 and 5700.
75
What is the greatest common factor of 1465132 and 424?
212
Calculate the highest common divisor of 222 and 1299144.
222
What is the highest common factor of 1162 and 830?
166
Calculate the greatest common divisor of 32 and 712464.
16
Calculate the greatest common divisor of 203 and 84.
7
Calculate the highest common factor of 241384 and 35464.
1144
Calculate the highest common factor of 270570 and 60.
30
Calculate the highest common divisor of 42700 and 1260.
140
What is the highest common factor of 28100 and 73622?
562
Calculate the greatest common factor of 148 and 24884.
4
Calculate the highest common factor of 504 and 2527272.
72
What is the highest common divisor of 14 and 65164?
2
What is the highest common divisor of 40889 and 62?
31
Calculate the highest common divisor of 1319775 and 15.
15
Calculate the highest common factor of 7398 and 31510.
274
Calculate the greatest common factor of 545077 and 598.
299
Calculate the highest common factor of 3451288 and 69.
23
Calculate the greatest common factor of 448 and 60224.
64
What is the highest common divisor of 1016 and 64516?
508
Calculate the highest common factor of 609 and 2751.
21
Calculate the greatest common factor of 10230 and 12090.
930
Calculate the highest common divisor of 22 and 674278.
22
What is the greatest common factor of 415429 and 119?
119
What is the highest common divisor of 6370 and 26090?
10
What is the highest common divisor of 5625632 and 62?
62
Calculate the highest common factor of 26 and 96928.
26
What is the highest common factor of 70775 and 475?
475
Calculate the greatest common factor of 1121776 and 112.
16
Calculate the highest common factor of 13 and 6448858.
13
Calculate